[INFO] fetching crate warp-fix-171 0.3.4...
[INFO] checking warp-fix-171-0.3.4 against master#e6e4f7ed1589e03bc2f6c5931c1a72e7947e8682 for beta-170-4
[INFO] extracting crate warp-fix-171 0.3.4 into /workspace/builds/worker-2-tc2/source
[INFO] validating manifest of crates.io crate warp-fix-171 0.3.4 on toolchain e6e4f7ed1589e03bc2f6c5931c1a72e7947e8682
[INFO] running `Command { std: CARGO_HOME="/workspace/cargo-home" RUSTUP_HOME="/workspace/rustup-home" "/workspace/cargo-home/bin/cargo" "+e6e4f7ed1589e03bc2f6c5931c1a72e7947e8682" "metadata" "--manifest-path" "Cargo.toml" "--no-deps", kill_on_drop: false }`
[INFO] started tweaking crates.io crate warp-fix-171 0.3.4
[INFO] removed 0 missing examples
[INFO] removed 0 missing tests
[INFO] finished tweaking crates.io crate warp-fix-171 0.3.4
[INFO] tweaked toml for crates.io crate warp-fix-171 0.3.4 written to /workspace/builds/worker-2-tc2/source/Cargo.toml
[INFO] crate crates.io crate warp-fix-171 0.3.4 already has a lockfile, it will not be regenerated
[INFO] running `Command { std: CARGO_HOME="/workspace/cargo-home" RUSTUP_HOME="/workspace/rustup-home" "/workspace/cargo-home/bin/cargo" "+e6e4f7ed1589e03bc2f6c5931c1a72e7947e8682" "fetch" "--manifest-path" "Cargo.toml", kill_on_drop: false }`
[INFO] running `Command { std: "docker" "create" "-v" "/var/lib/crater-agent-workspace/builds/worker-2-tc2/target:/opt/rustwide/target:rw,Z" "-v" "/var/lib/crater-agent-workspace/builds/worker-2-tc2/source:/opt/rustwide/workdir:ro,Z" "-v" "/var/lib/crater-agent-workspace/cargo-home:/opt/rustwide/cargo-home:ro,Z" "-v" "/var/lib/crater-agent-workspace/rustup-home:/opt/rustwide/rustup-home:ro,Z" "-e" "SOURCE_DIR=/opt/rustwide/workdir" "-e" "CARGO_TARGET_DIR=/opt/rustwide/target" "-e" "CARGO_HOME=/opt/rustwide/cargo-home" "-e" "RUSTUP_HOME=/opt/rustwide/rustup-home" "-w" "/opt/rustwide/workdir" "-m" "1610612736" "--user" "0:0" "--network" "none" "ghcr.io/rust-lang/crates-build-env/linux@sha256:19e73879b68f455e41552ea35293514db52ea292d993f571636dbffedb77a1ee" "/opt/rustwide/cargo-home/bin/cargo" "+e6e4f7ed1589e03bc2f6c5931c1a72e7947e8682" "metadata" "--no-deps" "--format-version=1", kill_on_drop: false }`
[INFO] [stdout] 8834e06339e50d76928085592f7c8609489484636b0b5dc3e9312a42cfdf93b7
[INFO] running `Command { std: "docker" "start" "-a" "8834e06339e50d76928085592f7c8609489484636b0b5dc3e9312a42cfdf93b7", kill_on_drop: false }`
[INFO] running `Command { std: "docker" "inspect" "8834e06339e50d76928085592f7c8609489484636b0b5dc3e9312a42cfdf93b7", kill_on_drop: false }`
[INFO] running `Command { std: "docker" "rm" "-f" "8834e06339e50d76928085592f7c8609489484636b0b5dc3e9312a42cfdf93b7", kill_on_drop: false }`
[INFO] [stdout] 8834e06339e50d76928085592f7c8609489484636b0b5dc3e9312a42cfdf93b7
[INFO] running `Command { std: "docker" "create" "-v" "/var/lib/crater-agent-workspace/builds/worker-2-tc2/target:/opt/rustwide/target:rw,Z" "-v" "/var/lib/crater-agent-workspace/builds/worker-2-tc2/source:/opt/rustwide/workdir:ro,Z" "-v" "/var/lib/crater-agent-workspace/cargo-home:/opt/rustwide/cargo-home:ro,Z" "-v" "/var/lib/crater-agent-workspace/rustup-home:/opt/rustwide/rustup-home:ro,Z" "-e" "SOURCE_DIR=/opt/rustwide/workdir" "-e" "CARGO_TARGET_DIR=/opt/rustwide/target" "-e" "CARGO_INCREMENTAL=0" "-e" "RUST_BACKTRACE=full" "-e" "RUSTFLAGS=--cap-lints=forbid" "-e" "RUSTDOCFLAGS=--cap-lints=forbid" "-e" "CARGO_HOME=/opt/rustwide/cargo-home" "-e" "RUSTUP_HOME=/opt/rustwide/rustup-home" "-w" "/opt/rustwide/workdir" "-m" "1610612736" "--user" "0:0" "--network" "none" "ghcr.io/rust-lang/crates-build-env/linux@sha256:19e73879b68f455e41552ea35293514db52ea292d993f571636dbffedb77a1ee" "/opt/rustwide/cargo-home/bin/cargo" "+e6e4f7ed1589e03bc2f6c5931c1a72e7947e8682" "check" "--frozen" "--all" "--all-targets" "--message-format=json", kill_on_drop: false }`
[INFO] [stdout] 752b671a0df865af24b3195b0463ec27637d73cc672410babf8c2a5ae9c8ea05
[INFO] running `Command { std: "docker" "start" "-a" "752b671a0df865af24b3195b0463ec27637d73cc672410babf8c2a5ae9c8ea05", kill_on_drop: false }`
[INFO] [stderr]    Compiling libc v0.2.140
[INFO] [stderr]    Compiling log v0.4.17
[INFO] [stderr]    Compiling generic-array v0.14.7
[INFO] [stderr]    Compiling thiserror-impl v1.0.40
[INFO] [stderr]    Compiling tokio v1.27.0
[INFO] [stderr]     Checking tracing-core v0.1.30
[INFO] [stderr]    Compiling tokio-macros v2.0.0
[INFO] [stderr]    Compiling futures-util v0.3.28
[INFO] [stderr]    Compiling syn v1.0.109
[INFO] [stderr]     Checking cpufeatures v0.2.6
[INFO] [stderr]    Compiling ucd-trie v0.1.5
[INFO] [stderr]     Checking tracing v0.1.37
[INFO] [stderr]     Checking aho-corasick v0.7.20
[INFO] [stderr]    Compiling once_cell v1.17.1
[INFO] [stderr]    Compiling futures-channel v0.3.28
[INFO] [stderr]     Checking block-buffer v0.10.4
[INFO] [stderr]     Checking crypto-common v0.1.6
[INFO] [stderr]    Compiling serde_json v1.0.95
[INFO] [stderr]     Checking mio v0.8.6
[INFO] [stderr]     Checking num_cpus v1.15.0
[INFO] [stderr]     Checking socket2 v0.4.9
[INFO] [stderr]     Checking getrandom v0.2.8
[INFO] [stderr]     Checking digest v0.10.6
[INFO] [stderr]     Checking regex v1.7.3
[INFO] [stderr]     Checking rand_core v0.6.4
[INFO] [stderr]     Checking sha1 v0.10.5
[INFO] [stderr]     Checking rand_chacha v0.3.1
[INFO] [stderr]    Compiling mime_guess v2.0.4
[INFO] [stderr]     Checking quick-error v1.2.3
[INFO] [stderr]     Checking humantime v1.3.0
[INFO] [stderr]     Checking rand v0.8.5
[INFO] [stderr]     Checking thiserror v1.0.40
[INFO] [stderr]    Compiling pest v2.5.7
[INFO] [stderr]     Checking atty v0.2.14
[INFO] [stderr]     Checking want v0.3.0
[INFO] [stderr]     Checking headers-core v0.2.0
[INFO] [stderr]     Checking overload v0.1.1
[INFO] [stderr]     Checking tungstenite v0.18.0
[INFO] [stderr]    Compiling serde_derive v1.0.159
[INFO] [stderr]     Checking termcolor v1.2.0
[INFO] [stderr]     Checking headers v0.3.8
[INFO] [stderr]     Checking env_logger v0.7.1
[INFO] [stderr]     Checking rustls-pemfile v1.0.2
[INFO] [stderr]     Checking nu-ansi-term v0.46.0
[INFO] [stderr]    Compiling pest_meta v2.5.7
[INFO] [stderr]     Checking matchers v0.1.0
[INFO] [stderr]     Checking tracing-log v0.1.3
[INFO] [stderr]     Checking multiparty v0.1.0
[INFO] [stderr]     Checking thread_local v1.1.7
[INFO] [stderr]     Checking scoped-tls v1.0.1
[INFO] [stderr]     Checking pretty_env_logger v0.4.0
[INFO] [stderr]     Checking listenfd v1.0.1
[INFO] [stderr]     Checking tracing-subscriber v0.3.16
[INFO] [stderr]    Compiling pest_generator v2.5.7
[INFO] [stderr]     Checking tokio-util v0.7.7
[INFO] [stderr]     Checking tokio-stream v0.1.12
[INFO] [stderr]     Checking tokio-tungstenite v0.18.0
[INFO] [stderr]    Compiling pest_derive v2.5.7
[INFO] [stderr]     Checking h2 v0.3.16
[INFO] [stderr]    Compiling pin-project-internal v1.0.12
[INFO] [stderr]     Checking handlebars v4.3.6
[INFO] [stderr]     Checking pin-project v1.0.12
[INFO] [stderr]     Checking hyper v0.14.25
[INFO] [stderr]     Checking warp-fix-171 v0.3.4 (/opt/rustwide/workdir)
[INFO] [stdout] error[E0432]: unresolved import `warp`
[INFO] [stdout]  --> examples/futures.rs:6:5
[INFO] [stdout]   |
[INFO] [stdout] 6 | use warp::Filter;
[INFO] [stdout]   |     ^^^^ use of undeclared crate or module `warp`
[INFO] [stdout] 
[INFO] [stdout] 
[INFO] [stdout] error[E0432]: unresolved import `warp`
[INFO] [stdout]  --> tests/method.rs:2:5
[INFO] [stdout]   |
[INFO] [stdout] 2 | use warp::Filter;
[INFO] [stdout]   |     ^^^^ use of undeclared crate or module `warp`
[INFO] [stdout] 
[INFO] [stdout] 
[INFO] [stdout] error[E0432]: unresolved import `warp`
[INFO] [stdout]  --> examples/body.rs:5:5
[INFO] [stdout]   |
[INFO] [stdout] 5 | use warp::Filter;
[INFO] [stdout]   |     ^^^^ use of undeclared crate or module `warp`
[INFO] [stdout] 
[INFO] [stdout] 
[INFO] [stdout] error[E0432]: unresolved import `warp`
[INFO] [stdout]  --> examples/tracing.rs:9:5
[INFO] [stdout]   |
[INFO] [stdout] 9 | use warp::Filter;
[INFO] [stdout]   |     ^^^^ use of undeclared crate or module `warp`
[INFO] [stdout] 
[INFO] [stdout] 
[INFO] [stdout] error[E0433]: failed to resolve: use of undeclared crate or module `warp`
[INFO] [stdout]   --> examples/futures.rs:11:18
[INFO] [stdout]    |
[INFO] [stdout] 11 |     let routes = warp::path::param()
[INFO] [stdout]    |                  ^^^^ use of undeclared crate or module `warp`
[INFO] [stdout] 
[INFO] [stdout] 
[INFO] [stdout] error[E0433]: failed to resolve: use of undeclared crate or module `warp`
[INFO] [stdout]  --> tests/addr.rs:7:31
[INFO] [stdout]   |
[INFO] [stdout] 7 |     let extract_remote_addr = warp::addr::remote();
[INFO] [stdout]   |                               ^^^^ use of undeclared crate or module `warp`
[INFO] [stdout] 
[INFO] [stdout] 
[INFO] [stdout] error[E0433]: failed to resolve: use of undeclared crate or module `warp`
[INFO] [stdout]  --> tests/addr.rs:9:15
[INFO] [stdout]   |
[INFO] [stdout] 9 |     let req = warp::test::request();
[INFO] [stdout]   |               ^^^^ use of undeclared crate or module `warp`
[INFO] [stdout] 
[INFO] [stdout] 
[INFO] [stdout] error[E0433]: failed to resolve: use of undeclared crate or module `warp`
[INFO] [stdout]  --> tests/method.rs:9:15
[INFO] [stdout]   |
[INFO] [stdout] 9 |     let req = warp::test::request();
[INFO] [stdout]   |               ^^^^ use of undeclared crate or module `warp`
[INFO] [stdout] 
[INFO] [stdout] 
[INFO] [stdout] error[E0433]: failed to resolve: use of undeclared crate or module `warp`
[INFO] [stdout]   --> tests/addr.rs:16:31
[INFO] [stdout]    |
[INFO] [stdout] 16 |     let extract_remote_addr = warp::addr::remote();
[INFO] [stdout]    |                               ^^^^ use of undeclared crate or module `warp`
[INFO] [stdout] 
[INFO] [stdout] 
[INFO] [stdout] error[E0433]: failed to resolve: use of undeclared crate or module `warp`
[INFO] [stdout]   --> examples/body.rs:20:14
[INFO] [stdout]    |
[INFO] [stdout] 20 |         .and(warp::path::param::<u32>())
[INFO] [stdout]    |              ^^^^ use of undeclared crate or module `warp`
[INFO] [stdout] 
[INFO] [stdout] 
[INFO] [stdout] error[E0433]: failed to resolve: use of undeclared crate or module `warp`
[INFO] [stdout]   --> tests/method.rs:12:15
[INFO] [stdout]    |
[INFO] [stdout] 12 |     let req = warp::test::request().method("POST");
[INFO] [stdout]    |               ^^^^ use of undeclared crate or module `warp`
[INFO] [stdout] 
[INFO] [stdout] 
[INFO] [stdout] error[E0433]: failed to resolve: use of undeclared crate or module `warp`
[INFO] [stdout]   --> tests/addr.rs:18:15
[INFO] [stdout]    |
[INFO] [stdout] 18 |     let req = warp::test::request().remote_addr("1.2.3.4:5678".parse().unwrap());
[INFO] [stdout]    |               ^^^^ use of undeclared crate or module `warp`
[INFO] [stdout] 
[INFO] [stdout] 
[INFO] [stdout] error[E0433]: failed to resolve: use of undeclared crate or module `warp`
[INFO] [stdout]   --> examples/body.rs:22:14
[INFO] [stdout]    |
[INFO] [stdout] 22 |         .and(warp::body::content_length_limit(1024 * 16))
[INFO] [stdout]    |              ^^^^ use of undeclared crate or module `warp`
[INFO] [stdout] 
[INFO] [stdout] 
[INFO] [stdout] error[E0433]: failed to resolve: use of undeclared crate or module `warp`
[INFO] [stdout]   --> tests/method.rs:15:15
[INFO] [stdout]    |
[INFO] [stdout] 15 |     let req = warp::test::request().method("POST");
[INFO] [stdout]    |               ^^^^ use of undeclared crate or module `warp`
[INFO] [stdout] 
[INFO] [stdout] 
[INFO] [stdout] error[E0432]: unresolved import `warp`
[INFO] [stdout]  --> tests/body.rs:5:5
[INFO] [stdout]   |
[INFO] [stdout] 5 | use warp::Filter;
[INFO] [stdout]   |     ^^^^ use of undeclared crate or module `warp`
[INFO] [stdout] 
[INFO] [stdout] 
[INFO] [stdout] error[E0433]: failed to resolve: use of undeclared crate or module `warp`
[INFO] [stdout]   --> examples/body.rs:23:14
[INFO] [stdout]    |
[INFO] [stdout] 23 |         .and(warp::body::json())
[INFO] [stdout]    |              ^^^^ use of undeclared crate or module `warp`
[INFO] [stdout] 
[INFO] [stdout] 
[INFO] [stdout] error[E0433]: failed to resolve: use of undeclared crate or module `warp`
[INFO] [stdout]   --> examples/body.rs:26:13
[INFO] [stdout]    |
[INFO] [stdout] 26 |             warp::reply::json(&employee)
[INFO] [stdout]    |             ^^^^ use of undeclared crate or module `warp`
[INFO] [stdout] 
[INFO] [stdout] 
[INFO] [stdout] error[E0432]: unresolved import `warp`
[INFO] [stdout]  --> tests/query.rs:5:5
[INFO] [stdout]   |
[INFO] [stdout] 5 | use warp::Filter;
[INFO] [stdout]   |     ^^^^ use of undeclared crate or module `warp`
[INFO] [stdout] 
[INFO] [stdout] 
[INFO] [stdout] error[E0433]: failed to resolve: use of undeclared crate or module `warp`
[INFO] [stdout]   --> examples/tracing.rs:38:15
[INFO] [stdout]    |
[INFO] [stdout] 38 |         .with(warp::trace::named("hello"));
[INFO] [stdout]    |               ^^^^ use of undeclared crate or module `warp`
[INFO] [stdout] 
[INFO] [stdout] 
[INFO] [stdout] error[E0433]: failed to resolve: use of undeclared crate or module `warp`
[INFO] [stdout]  --> examples/dir.rs:7:17
[INFO] [stdout]   |
[INFO] [stdout] 7 |     warp::serve(warp::fs::dir("examples/dir"))
[INFO] [stdout]   |                 ^^^^ use of undeclared crate or module `warp`
[INFO] [stdout] 
[INFO] [stdout] 
[INFO] [stdout] error[E0433]: failed to resolve: use of undeclared crate or module `warp`
[INFO] [stdout]  --> examples/dir.rs:7:5
[INFO] [stdout]   |
[INFO] [stdout] 7 |     warp::serve(warp::fs::dir("examples/dir"))
[INFO] [stdout]   |     ^^^^ use of undeclared crate or module `warp`
[INFO] [stdout] 
[INFO] [stdout] 
[INFO] [stdout] error[E0433]: failed to resolve: use of undeclared crate or module `warp`
[INFO] [stdout]   --> examples/tracing.rs:56:15
[INFO] [stdout]    |
[INFO] [stdout] 56 |         .with(warp::trace::request());
[INFO] [stdout]    |               ^^^^ use of undeclared crate or module `warp`
[INFO] [stdout] 
[INFO] [stdout] 
[INFO] [stdout] error[E0433]: failed to resolve: use of undeclared crate or module `warp`
[INFO] [stdout]   --> tests/method.rs:28:15
[INFO] [stdout]    |
[INFO] [stdout] 28 |     let req = warp::test::request().method("GET").path("/bye");
[INFO] [stdout]    |               ^^^^ use of undeclared crate or module `warp`
[INFO] [stdout] 
[INFO] [stdout] 
[INFO] [stdout] error[E0433]: failed to resolve: use of undeclared crate or module `warp`
[INFO] [stdout]   --> examples/futures.rs:15:5
[INFO] [stdout]    |
[INFO] [stdout] 15 |     warp::serve(routes).run(([127, 0, 0, 1], 3030)).await;
[INFO] [stdout]    |     ^^^^ use of undeclared crate or module `warp`
[INFO] [stdout] 
[INFO] [stdout] 
[INFO] [stdout] error[E0433]: failed to resolve: use of undeclared crate or module `warp`
[INFO] [stdout]   --> examples/futures.rs:18:59
[INFO] [stdout]    |
[INFO] [stdout] 18 | async fn sleepy(Seconds(seconds): Seconds) -> Result<impl warp::Reply, Infallible> {
[INFO] [stdout]    |                                                           ^^^^ use of undeclared crate or module `warp`
[INFO] [stdout] 
[INFO] [stdout] 
[INFO] [stdout] error: aborting due to 2 previous errors
[INFO] [stdout] 
[INFO] [stdout] 
[INFO] [stdout] error: aborting due to 4 previous errors
[INFO] [stdout] 
[INFO] [stdout] 
[INFO] [stdout] Some errors have detailed explanations: E0432, E0433.
[INFO] [stdout] 
[INFO] [stdout] For more information about this error, try `rustc --explain E0433`.
[INFO] [stdout] 
[INFO] [stdout] For more information about an error, try `rustc --explain E0432`.
[INFO] [stdout] 
[INFO] [stdout] error: aborting due to 4 previous errors
[INFO] [stdout] 
[INFO] [stdout] 
[INFO] [stdout] For more information about this error, try `rustc --explain E0433`.
[INFO] [stdout] 
[INFO] [stdout] error[E0433]: failed to resolve: use of undeclared crate or module `warp`
[INFO] [stdout]   --> examples/body.rs:18:19
[INFO] [stdout]    |
[INFO] [stdout] 18 |     let promote = warp::post()
[INFO] [stdout]    |                   ^^^^ use of undeclared crate or module `warp`
[INFO] [stdout] 
[INFO] [stdout] 
[INFO] [stdout] error[E0433]: failed to resolve: use of undeclared crate or module `warp`
[INFO] [stdout]   --> tests/method.rs:40:14
[INFO] [stdout]    |
[INFO] [stdout] 40 |         .and(warp::header::exact("foo", "bar"))
[INFO] [stdout]    |              ^^^^ use of undeclared crate or module `warp`
[INFO] [stdout] 
[INFO] [stdout] 
[INFO] [stdout] error[E0433]: failed to resolve: use of undeclared crate or module `warp`
[INFO] [stdout]   --> examples/body.rs:19:14
[INFO] [stdout]    |
[INFO] [stdout] 19 |         .and(warp::path("employees"))
[INFO] [stdout]    |              ^^^^ use of undeclared crate or module `warp`
[INFO] [stdout] 
[INFO] [stdout] 
[INFO] [stdout] error[E0433]: failed to resolve: use of undeclared crate or module `warp`
[INFO] [stdout]   --> examples/body.rs:29:5
[INFO] [stdout]    |
[INFO] [stdout] 29 |     warp::serve(promote).run(([127, 0, 0, 1], 3030)).await
[INFO] [stdout]    |     ^^^^ use of undeclared crate or module `warp`
[INFO] [stdout] 
[INFO] [stdout] 
[INFO] [stdout] error[E0433]: failed to resolve: use of undeclared crate or module `warp`
[INFO] [stdout]   --> tests/body.rs:11:18
[INFO] [stdout]    |
[INFO] [stdout] 11 |     let concat = warp::body::bytes();
[INFO] [stdout]    |                  ^^^^ use of undeclared crate or module `warp`
[INFO] [stdout] 
[INFO] [stdout] 
[INFO] [stderr] error: could not compile `warp-fix-171` (example "futures") due to 5 previous errors
[INFO] [stderr] warning: build failed, waiting for other jobs to finish...
[INFO] [stderr] error: could not compile `warp-fix-171` (test "addr") due to 5 previous errors
[INFO] [stderr] error: could not compile `warp-fix-171` (example "dir") due to 3 previous errors
[INFO] [stdout] error[E0433]: failed to resolve: use of undeclared crate or module `warp`
[INFO] [stdout]   --> examples/tracing.rs:29:17
[INFO] [stdout]    |
[INFO] [stdout] 29 |     let hello = warp::path("hello")
[INFO] [stdout]    |                 ^^^^ use of undeclared crate or module `warp`
[INFO] [stdout] 
[INFO] [stdout] 
[INFO] [stdout] error[E0433]: failed to resolve: use of undeclared crate or module `warp`
[INFO] [stdout]   --> examples/tracing.rs:30:14
[INFO] [stdout]    |
[INFO] [stdout] 30 |         .and(warp::get())
[INFO] [stdout]    |              ^^^^ use of undeclared crate or module `warp`
[INFO] [stdout] 
[INFO] [stdout] 
[INFO] [stdout] error[E0433]: failed to resolve: use of undeclared crate or module `warp`
[INFO] [stdout]   --> tests/body.rs:13:15
[INFO] [stdout]    |
[INFO] [stdout] 13 |     let req = warp::test::request().path("/nothing-matches-me");
[INFO] [stdout]    |               ^^^^ use of undeclared crate or module `warp`
[INFO] [stdout] 
[INFO] [stdout] 
[INFO] [stdout] error: aborting due to 8 previous errors
[INFO] [stdout] 
[INFO] [stdout] 
[INFO] [stdout] error[E0433]: failed to resolve: use of undeclared crate or module `warp`
[INFO] [stdout]   --> tests/body.rs:18:15
[INFO] [stdout]    |
[INFO] [stdout] 18 |     let req = warp::test::request().path("/body");
[INFO] [stdout]    |               ^^^^ use of undeclared crate or module `warp`
[INFO] [stdout] 
[INFO] [stdout] 
[INFO] [stdout] error[E0433]: failed to resolve: use of undeclared crate or module `warp`
[INFO] [stdout]   --> examples/tracing.rs:40:19
[INFO] [stdout]    |
[INFO] [stdout] 40 |     let goodbye = warp::path("goodbye")
[INFO] [stdout]    |                   ^^^^ use of undeclared crate or module `warp`
[INFO] [stdout] 
[INFO] [stdout] 
[INFO] [stdout] Some errors have detailed explanations: E0432, E0433.
[INFO] [stdout] 
[INFO] [stdout] For more information about an error, try `rustc --explain E0432`.
[INFO] [stdout] 
[INFO] [stdout] error[E0433]: failed to resolve: use of undeclared crate or module `warp`
[INFO] [stdout]   --> examples/tracing.rs:41:14
[INFO] [stdout]    |
[INFO] [stdout] 41 |         .and(warp::get())
[INFO] [stdout]    |              ^^^^ use of undeclared crate or module `warp`
[INFO] [stdout] 
[INFO] [stdout] 
[INFO] [stdout] error[E0433]: failed to resolve: use of undeclared crate or module `warp`
[INFO] [stdout]   --> tests/query.rs:11:15
[INFO] [stdout]    |
[INFO] [stdout] 11 |     let req = warp::test::request().path("/?foo=bar&baz=quux");
[INFO] [stdout]    |               ^^^^ use of undeclared crate or module `warp`
[INFO] [stdout] 
[INFO] [stdout] 
[INFO] [stdout] error[E0433]: failed to resolve: use of undeclared crate or module `warp`
[INFO] [stdout]   --> tests/method.rs:46:15
[INFO] [stdout]    |
[INFO] [stdout] 46 |     let req = warp::test::request().method("GET").path("/hello");
[INFO] [stdout]    |               ^^^^ use of undeclared crate or module `warp`
[INFO] [stdout] 
[INFO] [stdout] 
[INFO] [stdout] error[E0433]: failed to resolve: use of undeclared crate or module `warp`
[INFO] [stdout]   --> tests/body.rs:29:18
[INFO] [stdout]    |
[INFO] [stdout] 29 |     let concat = warp::body::bytes();
[INFO] [stdout]    |                  ^^^^ use of undeclared crate or module `warp`
[INFO] [stdout] 
[INFO] [stdout] 
[INFO] [stdout] error[E0433]: failed to resolve: use of undeclared crate or module `warp`
[INFO] [stdout]   --> examples/tracing.rs:47:15
[INFO] [stdout]    |
[INFO] [stdout] 47 |         .with(warp::trace(|info| {
[INFO] [stdout]    |               ^^^^ use of undeclared crate or module `warp`
[INFO] [stdout] 
[INFO] [stdout] 
[INFO] [stdout] error[E0433]: failed to resolve: use of undeclared crate or module `warp`
[INFO] [stdout]  --> tests/method.rs:7:15
[INFO] [stdout]   |
[INFO] [stdout] 7 |     let get = warp::get().map(warp::reply);
[INFO] [stdout]   |               ^^^^ use of undeclared crate or module `warp`
[INFO] [stdout] 
[INFO] [stdout] 
[INFO] [stdout] error[E0433]: failed to resolve: use of undeclared crate or module `warp`
[INFO] [stdout]   --> tests/query.rs:22:15
[INFO] [stdout]    |
[INFO] [stdout] 22 |     let req = warp::test::request().path("/?foo=bar&baz=quux");
[INFO] [stdout]    |               ^^^^ use of undeclared crate or module `warp`
[INFO] [stdout] 
[INFO] [stdout] 
[INFO] [stderr] error: could not compile `warp-fix-171` (example "body") due to 9 previous errors
[INFO] [stdout] error[E0433]: failed to resolve: use of undeclared crate or module `warp`
[INFO] [stdout]  --> tests/method.rs:7:31
[INFO] [stdout]   |
[INFO] [stdout] 7 |     let get = warp::get().map(warp::reply);
[INFO] [stdout]   |                               ^^^^ use of undeclared crate or module `warp`
[INFO] [stdout] 
[INFO] [stdout] 
[INFO] [stdout] error[E0433]: failed to resolve: use of undeclared crate or module `warp`
[INFO] [stdout]   --> examples/tracing.rs:58:5
[INFO] [stdout]    |
[INFO] [stdout] 58 |     warp::serve(routes).run(([127, 0, 0, 1], 3030)).await;
[INFO] [stdout]    |     ^^^^ use of undeclared crate or module `warp`
[INFO] [stdout] 
[INFO] [stdout] 
[INFO] [stdout] error[E0433]: failed to resolve: use of undeclared crate or module `warp`
[INFO] [stdout]   --> tests/body.rs:32:15
[INFO] [stdout]    |
[INFO] [stdout] 32 |     let res = warp::test::request().reply(&double).await;
[INFO] [stdout]    |               ^^^^ use of undeclared crate or module `warp`
[INFO] [stdout] 
[INFO] [stdout] 
[INFO] [stdout] error[E0433]: failed to resolve: use of undeclared crate or module `warp`
[INFO] [stdout]   --> tests/body.rs:42:17
[INFO] [stdout]    |
[INFO] [stdout] 42 |     let limit = warp::body::content_length_limit(30).map(warp::reply);
[INFO] [stdout]    |                 ^^^^ use of undeclared crate or module `warp`
[INFO] [stdout] 
[INFO] [stdout] 
[INFO] [stdout] error[E0433]: failed to resolve: use of undeclared crate or module `warp`
[INFO] [stdout]   --> tests/query.rs:38:15
[INFO] [stdout]    |
[INFO] [stdout] 38 |     let req = warp::test::request().path("/?");
[INFO] [stdout]    |               ^^^^ use of undeclared crate or module `warp`
[INFO] [stdout] 
[INFO] [stdout] 
[INFO] [stdout] error[E0433]: failed to resolve: use of undeclared crate or module `warp`
[INFO] [stdout]   --> tests/method.rs:23:15
[INFO] [stdout]    |
[INFO] [stdout] 23 |     let get = warp::get().and(warp::path("hello").map(warp::reply));
[INFO] [stdout]    |               ^^^^ use of undeclared crate or module `warp`
[INFO] [stdout] 
[INFO] [stdout] 
[INFO] [stdout] error[E0433]: failed to resolve: use of undeclared crate or module `warp`
[INFO] [stdout]   --> tests/method.rs:23:31
[INFO] [stdout]    |
[INFO] [stdout] 23 |     let get = warp::get().and(warp::path("hello").map(warp::reply));
[INFO] [stdout]    |                               ^^^^ use of undeclared crate or module `warp`
[INFO] [stdout] 
[INFO] [stdout] 
[INFO] [stdout] error[E0433]: failed to resolve: use of undeclared crate or module `warp`
[INFO] [stdout]   --> tests/method.rs:23:55
[INFO] [stdout]    |
[INFO] [stdout] 23 |     let get = warp::get().and(warp::path("hello").map(warp::reply));
[INFO] [stdout]    |                                                       ^^^^ use of undeclared crate or module `warp`
[INFO] [stdout] 
[INFO] [stdout] 
[INFO] [stdout] error[E0433]: failed to resolve: use of undeclared crate or module `warp`
[INFO] [stdout]   --> tests/method.rs:24:16
[INFO] [stdout]    |
[INFO] [stdout] 24 |     let post = warp::post().and(warp::path("bye").map(warp::reply));
[INFO] [stdout]    |                ^^^^ use of undeclared crate or module `warp`
[INFO] [stdout] 
[INFO] [stdout] 
[INFO] [stdout] error[E0433]: failed to resolve: use of undeclared crate or module `warp`
[INFO] [stdout]   --> tests/method.rs:24:33
[INFO] [stdout]    |
[INFO] [stdout] 24 |     let post = warp::post().and(warp::path("bye").map(warp::reply));
[INFO] [stdout]    |                                 ^^^^ use of undeclared crate or module `warp`
[INFO] [stdout] 
[INFO] [stdout] 
[INFO] [stdout] error[E0433]: failed to resolve: use of undeclared crate or module `warp`
[INFO] [stdout]   --> tests/method.rs:24:55
[INFO] [stdout]    |
[INFO] [stdout] 24 |     let post = warp::post().and(warp::path("bye").map(warp::reply));
[INFO] [stdout]    |                                                       ^^^^ use of undeclared crate or module `warp`
[INFO] [stdout] 
[INFO] [stdout] 
[INFO] [stdout] error[E0433]: failed to resolve: use of undeclared crate or module `warp`
[INFO] [stdout]   --> tests/body.rs:44:15
[INFO] [stdout]    |
[INFO] [stdout] 44 |     let res = warp::test::request().reply(&limit).await;
[INFO] [stdout]    |               ^^^^ use of undeclared crate or module `warp`
[INFO] [stdout] 
[INFO] [stdout] 
[INFO] [stdout] error[E0433]: failed to resolve: use of undeclared crate or module `warp`
[INFO] [stdout]   --> tests/method.rs:38:15
[INFO] [stdout]    |
[INFO] [stdout] 38 |     let get = warp::get()
[INFO] [stdout]    |               ^^^^ use of undeclared crate or module `warp`
[INFO] [stdout] 
[INFO] [stdout] 
[INFO] [stdout] error[E0433]: failed to resolve: use of undeclared crate or module `warp`
[INFO] [stdout]   --> tests/method.rs:39:14
[INFO] [stdout]    |
[INFO] [stdout] 39 |         .and(warp::path("hello"))
[INFO] [stdout]    |              ^^^^ use of undeclared crate or module `warp`
[INFO] [stdout] 
[INFO] [stdout] 
[INFO] [stdout] error[E0433]: failed to resolve: use of undeclared crate or module `warp`
[INFO] [stdout]   --> tests/method.rs:41:14
[INFO] [stdout]    |
[INFO] [stdout] 41 |         .map(warp::reply);
[INFO] [stdout]    |              ^^^^ use of undeclared crate or module `warp`
[INFO] [stdout] 
[INFO] [stdout] 
[INFO] [stdout] error[E0433]: failed to resolve: use of undeclared crate or module `warp`
[INFO] [stdout]   --> tests/method.rs:42:16
[INFO] [stdout]    |
[INFO] [stdout] 42 |     let post = warp::post().and(warp::path("bye")).map(warp::reply);
[INFO] [stdout]    |                ^^^^ use of undeclared crate or module `warp`
[INFO] [stdout] 
[INFO] [stdout] 
[INFO] [stdout] error[E0433]: failed to resolve: use of undeclared crate or module `warp`
[INFO] [stdout]   --> tests/query.rs:54:15
[INFO] [stdout]    |
[INFO] [stdout] 54 |     let req = warp::test::request().path("/?foo&baz");
[INFO] [stdout]    |               ^^^^ use of undeclared crate or module `warp`
[INFO] [stdout] 
[INFO] [stdout] 
[INFO] [stdout] error[E0433]: failed to resolve: use of undeclared crate or module `warp`
[INFO] [stdout]   --> tests/method.rs:42:33
[INFO] [stdout]    |
[INFO] [stdout] 42 |     let post = warp::post().and(warp::path("bye")).map(warp::reply);
[INFO] [stdout]    |                                 ^^^^ use of undeclared crate or module `warp`
[INFO] [stdout] 
[INFO] [stdout] 
[INFO] [stdout] error: aborting due to 9 previous errors
[INFO] [stdout] 
[INFO] [stdout] 
[INFO] [stdout] Some errors have detailed explanations: E0432, E0433.
[INFO] [stdout] 
[INFO] [stdout] error[E0433]: failed to resolve: use of undeclared crate or module `warp`
[INFO] [stdout]   --> tests/method.rs:42:56
[INFO] [stdout]    |
[INFO] [stdout] 42 |     let post = warp::post().and(warp::path("bye")).map(warp::reply);
[INFO] [stdout]    |                                                        ^^^^ use of undeclared crate or module `warp`
[INFO] [stdout] 
[INFO] [stdout] 
[INFO] [stdout] For more information about an error, try `rustc --explain E0432`.
[INFO] [stdout] 
[INFO] [stdout] error[E0433]: failed to resolve: use of undeclared crate or module `warp`
[INFO] [stdout]   --> tests/body.rs:47:15
[INFO] [stdout]    |
[INFO] [stdout] 47 |     let res = warp::test::request()
[INFO] [stdout]    |               ^^^^ use of undeclared crate or module `warp`
[INFO] [stdout] 
[INFO] [stdout] 
[INFO] [stdout] error[E0433]: failed to resolve: use of undeclared crate or module `warp`
[INFO] [stdout]   --> tests/body.rs:53:15
[INFO] [stdout]    |
[INFO] [stdout] 53 |     let res = warp::test::request()
[INFO] [stdout]    |               ^^^^ use of undeclared crate or module `warp`
[INFO] [stdout] 
[INFO] [stdout] 
[INFO] [stdout] error: aborting due to 21 previous errors
[INFO] [stdout] 
[INFO] [stdout] 
[INFO] [stdout] Some errors have detailed explanations: E0432, E0433.
[INFO] [stdout] 
[INFO] [stdout] For more information about an error, try `rustc --explain E0432`.
[INFO] [stdout] 
[INFO] [stdout] error[E0433]: failed to resolve: use of undeclared crate or module `warp`
[INFO] [stdout]   --> tests/query.rs:70:15
[INFO] [stdout]    |
[INFO] [stdout] 70 |     let req = warp::test::request().path("/");
[INFO] [stdout]    |               ^^^^ use of undeclared crate or module `warp`
[INFO] [stdout] 
[INFO] [stdout] 
[INFO] [stderr] error: could not compile `warp-fix-171` (example "tracing") due to 10 previous errors
[INFO] [stdout] error[E0433]: failed to resolve: use of undeclared crate or module `warp`
[INFO] [stdout]   --> tests/body.rs:64:16
[INFO] [stdout]    |
[INFO] [stdout] 64 |     let json = warp::body::json::<Vec<i32>>();
[INFO] [stdout]    |                ^^^^ use of undeclared crate or module `warp`
[INFO] [stdout] 
[INFO] [stdout] 
[INFO] [stdout] error[E0433]: failed to resolve: use of undeclared crate or module `warp`
[INFO] [stdout]   --> tests/body.rs:66:15
[INFO] [stdout]    |
[INFO] [stdout] 66 |     let req = warp::test::request().body("[1, 2, 3]");
[INFO] [stdout]    |               ^^^^ use of undeclared crate or module `warp`
[INFO] [stdout] 
[INFO] [stdout] 
[INFO] [stderr] error: could not compile `warp-fix-171` (test "method") due to 22 previous errors
[INFO] [stdout] error[E0433]: failed to resolve: use of undeclared crate or module `warp`
[INFO] [stdout]   --> tests/body.rs:71:15
[INFO] [stdout]    |
[INFO] [stdout] 71 |     let req = warp::test::request()
[INFO] [stdout]    |               ^^^^ use of undeclared crate or module `warp`
[INFO] [stdout] 
[INFO] [stdout] 
[INFO] [stdout] error[E0433]: failed to resolve: use of undeclared crate or module `warp`
[INFO] [stdout]   --> tests/query.rs:92:15
[INFO] [stdout]    |
[INFO] [stdout] 92 |     let req = warp::test::request().path("/?foo=bar&baz=quux");
[INFO] [stdout]    |               ^^^^ use of undeclared crate or module `warp`
[INFO] [stdout] 
[INFO] [stdout] 
[INFO] [stdout] error[E0433]: failed to resolve: use of undeclared crate or module `warp`
[INFO] [stdout]   --> tests/body.rs:83:16
[INFO] [stdout]    |
[INFO] [stdout] 83 |     let json = warp::body::json::<Vec<i32>>().map(|_| warp::reply());
[INFO] [stdout]    |                ^^^^ use of undeclared crate or module `warp`
[INFO] [stdout] 
[INFO] [stdout] 
[INFO] [stdout] error[E0433]: failed to resolve: use of undeclared crate or module `warp`
[INFO] [stdout]    --> tests/query.rs:108:15
[INFO] [stdout]     |
[INFO] [stdout] 108 |     let req = warp::test::request().path("/?foo=something");
[INFO] [stdout]     |               ^^^^ use of undeclared crate or module `warp`
[INFO] [stdout] 
[INFO] [stdout] 
[INFO] [stdout] error[E0433]: failed to resolve: use of undeclared crate or module `warp`
[INFO] [stdout]   --> tests/body.rs:85:15
[INFO] [stdout]    |
[INFO] [stdout] 85 |     let req = warp::test::request()
[INFO] [stdout]    |               ^^^^ use of undeclared crate or module `warp`
[INFO] [stdout] 
[INFO] [stdout] 
[INFO] [stdout] error[E0433]: failed to resolve: use of undeclared crate or module `warp`
[INFO] [stdout]    --> tests/body.rs:101:16
[INFO] [stdout]     |
[INFO] [stdout] 101 |     let json = warp::body::json::<Vec<i32>>().map(|vec| warp::reply::json(&vec));
[INFO] [stdout]     |                ^^^^ use of undeclared crate or module `warp`
[INFO] [stdout] 
[INFO] [stdout] 
[INFO] [stdout] error[E0433]: failed to resolve: use of undeclared crate or module `warp`
[INFO] [stdout]    --> tests/body.rs:101:57
[INFO] [stdout]     |
[INFO] [stdout] 101 |     let json = warp::body::json::<Vec<i32>>().map(|vec| warp::reply::json(&vec));
[INFO] [stdout]     |                                                         ^^^^ use of undeclared crate or module `warp`
[INFO] [stdout] 
[INFO] [stdout] 
[INFO] [stdout] error[E0433]: failed to resolve: use of undeclared crate or module `warp`
[INFO] [stdout]    --> tests/query.rs:118:15
[INFO] [stdout]     |
[INFO] [stdout] 118 |     let req = warp::test::request().path("/");
[INFO] [stdout]     |               ^^^^ use of undeclared crate or module `warp`
[INFO] [stdout] 
[INFO] [stdout] 
[INFO] [stdout] error[E0433]: failed to resolve: use of undeclared crate or module `warp`
[INFO] [stdout]    --> tests/body.rs:103:15
[INFO] [stdout]     |
[INFO] [stdout] 103 |     let res = warp::test::request().body("lol#wat").reply(&json).await;
[INFO] [stdout]     |               ^^^^ use of undeclared crate or module `warp`
[INFO] [stdout] 
[INFO] [stdout] 
[INFO] [stdout] error[E0433]: failed to resolve: use of undeclared crate or module `warp`
[INFO] [stdout]    --> tests/query.rs:133:18
[INFO] [stdout]     |
[INFO] [stdout] 133 |     let as_raw = warp::query::raw();
[INFO] [stdout]     |                  ^^^^ use of undeclared crate or module `warp`
[INFO] [stdout] 
[INFO] [stdout] 
[INFO] [stdout] error[E0433]: failed to resolve: use of undeclared crate or module `warp`
[INFO] [stdout]    --> tests/body.rs:111:16
[INFO] [stdout]     |
[INFO] [stdout] 111 |     let json = warp::body::json::<Vec<i32>>();
[INFO] [stdout]     |                ^^^^ use of undeclared crate or module `warp`
[INFO] [stdout] 
[INFO] [stdout] 
[INFO] [stdout] error[E0433]: failed to resolve: use of undeclared crate or module `warp`
[INFO] [stdout]    --> tests/query.rs:135:15
[INFO] [stdout]     |
[INFO] [stdout] 135 |     let req = warp::test::request().path("/?foo=bar&baz=quux");
[INFO] [stdout]     |               ^^^^ use of undeclared crate or module `warp`
[INFO] [stdout] 
[INFO] [stdout] 
[INFO] [stdout] error[E0433]: failed to resolve: use of undeclared crate or module `warp`
[INFO] [stdout]    --> tests/body.rs:119:16
[INFO] [stdout]     |
[INFO] [stdout] 119 |     let form = warp::body::form::<Vec<(String, String)>>();
[INFO] [stdout]     |                ^^^^ use of undeclared crate or module `warp`
[INFO] [stdout] 
[INFO] [stdout] 
[INFO] [stdout] error[E0433]: failed to resolve: use of undeclared crate or module `warp`
[INFO] [stdout]    --> tests/body.rs:121:15
[INFO] [stdout]     |
[INFO] [stdout] 121 |     let req = warp::test::request().body("foo=bar&baz=quux");
[INFO] [stdout]     |               ^^^^ use of undeclared crate or module `warp`
[INFO] [stdout] 
[INFO] [stdout] 
[INFO] [stdout] error[E0433]: failed to resolve: use of undeclared crate or module `warp`
[INFO] [stdout]    --> tests/body.rs:135:16
[INFO] [stdout]     |
[INFO] [stdout] 135 |     let form = warp::body::form::<Vec<(String, String)>>().map(|_| warp::reply());
[INFO] [stdout]     |                ^^^^ use of undeclared crate or module `warp`
[INFO] [stdout] 
[INFO] [stdout] 
[INFO] [stdout] error[E0433]: failed to resolve: use of undeclared crate or module `warp`
[INFO] [stdout]    --> tests/body.rs:137:15
[INFO] [stdout]     |
[INFO] [stdout] 137 |     let req = warp::test::request()
[INFO] [stdout]     |               ^^^^ use of undeclared crate or module `warp`
[INFO] [stdout] 
[INFO] [stdout] 
[INFO] [stdout] error[E0433]: failed to resolve: use of undeclared crate or module `warp`
[INFO] [stdout]    --> tests/body.rs:144:15
[INFO] [stdout]     |
[INFO] [stdout] 144 |     let req = warp::test::request()
[INFO] [stdout]     |               ^^^^ use of undeclared crate or module `warp`
[INFO] [stdout] 
[INFO] [stdout] 
[INFO] [stdout] error[E0433]: failed to resolve: use of undeclared crate or module `warp`
[INFO] [stdout]    --> tests/body.rs:159:16
[INFO] [stdout]     |
[INFO] [stdout] 159 |     let form = warp::body::form::<Vec<(String, String)>>();
[INFO] [stdout]     |                ^^^^ use of undeclared crate or module `warp`
[INFO] [stdout] 
[INFO] [stdout] 
[INFO] [stdout] error[E0433]: failed to resolve: use of undeclared crate or module `warp`
[INFO] [stdout]    --> tests/body.rs:161:15
[INFO] [stdout]     |
[INFO] [stdout] 161 |     let req = warp::test::request()
[INFO] [stdout]     |               ^^^^ use of undeclared crate or module `warp`
[INFO] [stdout] 
[INFO] [stdout] 
[INFO] [stdout] error[E0433]: failed to resolve: use of undeclared crate or module `warp`
[INFO] [stdout]    --> tests/body.rs:177:16
[INFO] [stdout]     |
[INFO] [stdout] 177 |     let form = warp::body::form::<Vec<i32>>().map(|vec| warp::reply::json(&vec));
[INFO] [stdout]     |                ^^^^ use of undeclared crate or module `warp`
[INFO] [stdout] 
[INFO] [stdout] 
[INFO] [stdout] error[E0433]: failed to resolve: use of undeclared crate or module `warp`
[INFO] [stdout]    --> tests/body.rs:177:57
[INFO] [stdout]     |
[INFO] [stdout] 177 |     let form = warp::body::form::<Vec<i32>>().map(|vec| warp::reply::json(&vec));
[INFO] [stdout]     |                                                         ^^^^ use of undeclared crate or module `warp`
[INFO] [stdout] 
[INFO] [stdout] 
[INFO] [stdout] error[E0433]: failed to resolve: use of undeclared crate or module `warp`
[INFO] [stdout]    --> tests/body.rs:179:15
[INFO] [stdout]     |
[INFO] [stdout] 179 |     let res = warp::test::request().body("nope").reply(&form).await;
[INFO] [stdout]     |               ^^^^ use of undeclared crate or module `warp`
[INFO] [stdout] 
[INFO] [stdout] 
[INFO] [stdout] error[E0433]: failed to resolve: use of undeclared crate or module `warp`
[INFO] [stdout]    --> tests/body.rs:189:18
[INFO] [stdout]     |
[INFO] [stdout] 189 |     let stream = warp::body::stream();
[INFO] [stdout]     |                  ^^^^ use of undeclared crate or module `warp`
[INFO] [stdout] 
[INFO] [stdout] 
[INFO] [stdout] error[E0433]: failed to resolve: use of undeclared crate or module `warp`
[INFO] [stdout]    --> tests/body.rs:191:16
[INFO] [stdout]     |
[INFO] [stdout] 191 |     let body = warp::test::request()
[INFO] [stdout]     |                ^^^^ use of undeclared crate or module `warp`
[INFO] [stdout] 
[INFO] [stdout] 
[INFO] [stdout] error[E0433]: failed to resolve: use of undeclared crate or module `warp`
[INFO] [stdout]  --> tests/query.rs:9:18
[INFO] [stdout]   |
[INFO] [stdout] 9 |     let as_map = warp::query::<HashMap<String, String>>();
[INFO] [stdout]   |                  ^^^^ use of undeclared crate or module `warp`
[INFO] [stdout] 
[INFO] [stdout] 
[INFO] [stdout] error[E0433]: failed to resolve: use of undeclared crate or module `warp`
[INFO] [stdout]   --> tests/body.rs:17:13
[INFO] [stdout]    |
[INFO] [stdout] 17 |     let p = warp::path("body");
[INFO] [stdout]    |             ^^^^ use of undeclared crate or module `warp`
[INFO] [stdout] 
[INFO] [stdout] 
[INFO] [stdout] error[E0433]: failed to resolve: use of undeclared crate or module `warp`
[INFO] [stdout]   --> tests/query.rs:20:21
[INFO] [stdout]    |
[INFO] [stdout] 20 |     let as_struct = warp::query::<MyArgs>();
[INFO] [stdout]    |                     ^^^^ use of undeclared crate or module `warp`
[INFO] [stdout] 
[INFO] [stdout] 
[INFO] [stdout] error[E0433]: failed to resolve: use of undeclared crate or module `warp`
[INFO] [stdout]   --> tests/body.rs:30:48
[INFO] [stdout]    |
[INFO] [stdout] 30 |     let double = concat.and(concat).map(|_, _| warp::reply());
[INFO] [stdout]    |                                                ^^^^ use of undeclared crate or module `warp`
[INFO] [stdout] 
[INFO] [stdout] 
[INFO] [stdout] error[E0433]: failed to resolve: use of undeclared crate or module `warp`
[INFO] [stdout]   --> tests/query.rs:36:21
[INFO] [stdout]    |
[INFO] [stdout] 36 |     let as_struct = warp::query::<MyArgs>();
[INFO] [stdout]    |                     ^^^^ use of undeclared crate or module `warp`
[INFO] [stdout] 
[INFO] [stdout] 
[INFO] [stdout] error[E0433]: failed to resolve: use of undeclared crate or module `warp`
[INFO] [stdout]   --> tests/body.rs:42:58
[INFO] [stdout]    |
[INFO] [stdout] 42 |     let limit = warp::body::content_length_limit(30).map(warp::reply);
[INFO] [stdout]    |                                                          ^^^^ use of undeclared crate or module `warp`
[INFO] [stdout] 
[INFO] [stdout] 
[INFO] [stdout] error[E0433]: failed to resolve: use of undeclared crate or module `warp`
[INFO] [stdout]   --> tests/query.rs:52:21
[INFO] [stdout]    |
[INFO] [stdout] 52 |     let as_struct = warp::query::<MyArgs>();
[INFO] [stdout]    |                     ^^^^ use of undeclared crate or module `warp`
[INFO] [stdout] 
[INFO] [stdout] 
[INFO] [stdout] error[E0433]: failed to resolve: use of undeclared crate or module `warp`
[INFO] [stdout]   --> tests/query.rs:68:21
[INFO] [stdout]    |
[INFO] [stdout] 68 |     let as_struct = warp::query::<MyArgs>();
[INFO] [stdout]    |                     ^^^^ use of undeclared crate or module `warp`
[INFO] [stdout] 
[INFO] [stdout] 
[INFO] [stdout] error[E0433]: failed to resolve: use of undeclared crate or module `warp`
[INFO] [stdout]   --> tests/body.rs:83:55
[INFO] [stdout]    |
[INFO] [stdout] 83 |     let json = warp::body::json::<Vec<i32>>().map(|_| warp::reply());
[INFO] [stdout]    |                                                       ^^^^ use of undeclared crate or module `warp`
[INFO] [stdout] 
[INFO] [stdout] 
[INFO] [stdout] error[E0433]: failed to resolve: use of undeclared crate or module `warp`
[INFO] [stdout]   --> tests/query.rs:90:21
[INFO] [stdout]    |
[INFO] [stdout] 90 |     let as_struct = warp::query::<MyRequiredArgs>();
[INFO] [stdout]    |                     ^^^^ use of undeclared crate or module `warp`
[INFO] [stdout] 
[INFO] [stdout] 
[INFO] [stdout] error[E0433]: failed to resolve: use of undeclared crate or module `warp`
[INFO] [stdout]    --> tests/query.rs:106:21
[INFO] [stdout]     |
[INFO] [stdout] 106 |     let as_struct = warp::query::<MyRequiredArgs>();
[INFO] [stdout]     |                     ^^^^ use of undeclared crate or module `warp`
[INFO] [stdout] 
[INFO] [stdout] 
[INFO] [stdout] error[E0433]: failed to resolve: use of undeclared crate or module `warp`
[INFO] [stdout]    --> tests/query.rs:116:21
[INFO] [stdout]     |
[INFO] [stdout] 116 |     let as_struct = warp::query::<MyRequiredArgs>().map(|_| warp::reply());
[INFO] [stdout]     |                     ^^^^ use of undeclared crate or module `warp`
[INFO] [stdout] 
[INFO] [stdout] 
[INFO] [stdout] error[E0433]: failed to resolve: use of undeclared crate or module `warp`
[INFO] [stdout]    --> tests/query.rs:116:61
[INFO] [stdout]     |
[INFO] [stdout] 116 |     let as_struct = warp::query::<MyRequiredArgs>().map(|_| warp::reply());
[INFO] [stdout]     |                                                             ^^^^ use of undeclared crate or module `warp`
[INFO] [stdout] 
[INFO] [stdout] 
[INFO] [stdout] error[E0433]: failed to resolve: use of undeclared crate or module `warp`
[INFO] [stdout]    --> tests/body.rs:135:68
[INFO] [stdout]     |
[INFO] [stdout] 135 |     let form = warp::body::form::<Vec<(String, String)>>().map(|_| warp::reply());
[INFO] [stdout]     |                                                                    ^^^^ use of undeclared crate or module `warp`
[INFO] [stdout] 
[INFO] [stdout] 
[INFO] [stdout] error: unused import: `futures_util::TryStreamExt`
[INFO] [stdout]  --> tests/body.rs:4:5
[INFO] [stdout]   |
[INFO] [stdout] 4 | use futures_util::TryStreamExt;
[INFO] [stdout]   |     ^^^^^^^^^^^^^^^^^^^^^^^^^^
[INFO] [stdout]   |
[INFO] [stdout] note: the lint level is defined here
[INFO] [stdout]  --> tests/body.rs:1:9
[INFO] [stdout]   |
[INFO] [stdout] 1 | #![deny(warnings)]
[INFO] [stdout]   |         ^^^^^^^^
[INFO] [stdout]   = note: `#[deny(unused_imports)]` implied by `#[deny(warnings)]`
[INFO] [stdout] 
[INFO] [stdout] 
[INFO] [stdout] error: unused import: `bytes::Buf`
[INFO] [stdout]  --> tests/body.rs:3:5
[INFO] [stdout]   |
[INFO] [stdout] 3 | use bytes::Buf;
[INFO] [stdout]   |     ^^^^^^^^^^
[INFO] [stdout] 
[INFO] [stdout] 
[INFO] [stdout] error: aborting due to 20 previous errors
[INFO] [stdout] 
[INFO] [stdout] 
[INFO] [stdout] Some errors have detailed explanations: E0432, E0433.
[INFO] [stdout] 
[INFO] [stdout] For more information about an error, try `rustc --explain E0432`.
[INFO] [stdout] 
[INFO] [stdout] error[E0433]: failed to resolve: use of undeclared crate or module `warp`
[INFO] [stdout]    --> tests/body.rs:197:30
[INFO] [stdout]     |
[INFO] [stdout] 197 |     let bufs: Result<Vec<_>, warp::Error> = body.try_collect().await;
[INFO] [stdout]     |                              ^^^^ use of undeclared crate or module `warp`
[INFO] [stdout] 
[INFO] [stdout] 
[INFO] [stdout] error: aborting due to 39 previous errors
[INFO] [stdout] 
[INFO] [stdout] 
[INFO] [stdout] Some errors have detailed explanations: E0432, E0433.
[INFO] [stdout] 
[INFO] [stdout] For more information about an error, try `rustc --explain E0432`.
[INFO] [stdout] 
[INFO] [stderr] error: could not compile `warp-fix-171` (test "query") due to 21 previous errors
[INFO] [stderr] error: could not compile `warp-fix-171` (test "body") due to 40 previous errors
[INFO] running `Command { std: "docker" "inspect" "752b671a0df865af24b3195b0463ec27637d73cc672410babf8c2a5ae9c8ea05", kill_on_drop: false }`
[INFO] running `Command { std: "docker" "rm" "-f" "752b671a0df865af24b3195b0463ec27637d73cc672410babf8c2a5ae9c8ea05", kill_on_drop: false }`
[INFO] [stdout] 752b671a0df865af24b3195b0463ec27637d73cc672410babf8c2a5ae9c8ea05
